























{"id":4,"date":"2011-07-02T18:19:41","date_gmt":"2011-07-02T18:19:41","guid":{"rendered":"http:\/\/www.ctmsonora.org\/?page_id=4"},"modified":"2018-05-07T22:02:37","modified_gmt":"2018-05-07T22:02:37","slug":"directorio","status":"publish","type":"page","link":"http:\/\/www.ctmsonora.org\/?page_id=4","title":{"rendered":"DIRECTORIO"},"content":{"rendered":"<div class=\"featured-boxes featured-boxes-style-8\">\n<div class=\"row\">\n<div class=\"col-md-6 col-md-offset-3\">\n<div class=\"featured-box featured-box-primary featured-box-text-left\">\n<div class=\"box-content2\">\n<div class=\"row\">\n<div class=\"col-md-9\">\n<h2>SECRETARIO GENERAL<\/h2>\n<\/p><\/div>\n<div class=\"col-md-3\">\n<div class=\"align-right\">\n\t\t\t\t\t\t\t\t<i class=\"icon-featured fa fa-user\"><\/i>\n\t\t\t\t\t\t\t<\/div>\n<\/p><\/div>\n<\/p><\/div>\n<div class=\"testimonial testimonial-primary\">\n<div class=\"row\">\n<div class=\"testimonial-author\">\n<div class=\"testimonial-author-thumbnail img-thumbnail\">\n\t\t\t\t\t\t\t\t\t\t<img decoding=\"async\" src=\"wp-content\/themes\/awaken\/images\/directorio.png\" alt=\"\">\n\t\t\t\t\t\t\t\t\t<\/div>\n<p><strong>LIC. JAVIER VILLARREAL G\u00c1MEZ<\/strong><\/p>\n<ul class=\" social-icons\">\n<li class=\"social-icons-facebook \"><a href=\"\" target=\"_blank\" title=\"Facebook\"><i class=\"fa fa-facebook\"><\/i><\/a><\/li>\n<li class=\"social-icons-twitter\"><a href=\"\" target=\"_blank\" title=\"Twitter\"><i class=\"fa fa-twitter\"><\/i><\/a><\/li>\n<li class=\"social-icons-linkedin\"><a href=\"\" target=\"_blank\" title=\"Linkedin\"><i class=\"fa fa-linkedin\"><\/i><\/a><\/li>\n<\/ul><\/div>\n<\/p><\/div>\n<\/p><\/div>\n<\/p><\/div>\n<\/p><\/div>\n<\/p><\/div>\n<\/p><\/div>\n<div class=\"row\">\n<div class=\"col-md-6 col-md-offset-3\">\n<div class=\"featured-box featured-box-primary featured-box-text-left\">\n<div class=\"box-content2\">\n<div class=\"row\">\n<div class=\"col-md-9\">\n<h2>SECRETARIOS GENERALES SUSTITUTOS<\/h2>\n<\/p><\/div>\n<div class=\"col-md-3\">\n<div class=\"align-right\">\n\t\t\t\t\t\t\t\t<i class=\"icon-featured fa fa-user\"><\/i>\n\t\t\t\t\t\t\t<\/div>\n<\/p><\/div>\n<\/p><\/div>\n<div class=\"row\">\n<div class=\"col-md-12\">\n<p>\nC. HECTOR ROBLES NU\u00d1EZ.<br \/>\nC. FRANCISCO BOJORQUEZ MUNGARAY.<br \/>\nC. FERNANDO MILL\u00c1N HARRIZON.<br \/>\nC. GUILLERMO PE\u00d1A ENRIQUEZ.<br \/>\nC. JORGE VEGA VALLES.<br \/>\nC. JORGE ANTONIO VALD\u00c9Z VILLANUEVA.\n                                                        <\/p>\n<\/p><\/div>\n<\/p><\/div>\n<\/p><\/div>\n<\/p><\/div>\n<\/p><\/div>\n<\/p><\/div>\n<div class=\"row\">\n<div class=\"col-md-6 col-md-offset-3\">\n<div class=\"featured-box featured-box-primary featured-box-text-left\">\n<div class=\"box-content2\">\n<div class=\"row\">\n<div class=\"col-md-9\">\n<h2>SECRETAR\u00cdA DE ORGANIZACI\u00d3N, ESTAD\u00cdSTICA Y PROMOCI\u00d3N SINDICAL<\/h2>\n<\/p><\/div>\n<div class=\"col-md-3\">\n<div class=\"align-right\">\n\t\t\t\t\t\t\t\t<i class=\"icon-featured fa fa-user\"><\/i>\n\t\t\t\t\t\t\t<\/div>\n<\/p><\/div>\n<\/p><\/div>\n<div class=\"row\">\n<div class=\"col-md-12\">\n<p>\nSECRETARIO: C. OSCAR ORT\u00cdZ ARVAYO.<br \/>\nSUBSECRETARIO: C. ROLANDO CORRAL L\u00d3PEZ.<br \/>\nSUBSECRETARIO: C. AURELIO VALDEZ DUE\u00d1AS.<br \/>\nSUBSECRETARIO: C. JOS\u00c9 DE LA CRUZ AMAVIZCA.\n                                                        <\/p>\n<\/p><\/div>\n<\/p><\/div>\n<\/p><\/div>\n<\/p><\/div>\n<\/p><\/div>\n<\/p><\/div>\n<div class=\"row\">\n<div class=\"col-md-6 col-md-offset-3\">\n<div class=\"featured-box featured-box-primary featured-box-text-left\">\n<div class=\"box-content2\">\n<div class=\"row\">\n<div class=\"col-md-9\">\n<h2>SECRETAR\u00cdA DEL TRABAJO<\/h2>\n<\/p><\/div>\n<div class=\"col-md-3\">\n<div class=\"align-right\">\n\t\t\t\t\t\t\t\t<i class=\"icon-featured fa fa-user\"><\/i>\n\t\t\t\t\t\t\t<\/div>\n<\/p><\/div>\n<\/p><\/div>\n<div class=\"row\">\n<div class=\"col-md-12\">\n<p>\nSECRETARIO: C. ROM\u00c1N HOLGUIN VILLEGAS.<br \/>\nSUBSECRETARIO: C. JUAN JAVIER BARRAZA JU\u00c1REZ.<br \/>\nSUBSECRETARIO: C. GABRIEL PARRA GIL.<br \/>\nSUBSECRETARIO: C. ERNESTO S\u00c1NCHEZ CASTRO.\n                                                        <\/p>\n<\/p><\/div>\n<\/p><\/div>\n<\/p><\/div>\n<\/p><\/div>\n<\/p><\/div>\n<\/p><\/div>\n<div class=\"row\">\n<div class=\"col-md-6 col-md-offset-3\">\n<div class=\"featured-box featured-box-primary featured-box-text-left\">\n<div class=\"box-content2\">\n<div class=\"row\">\n<div class=\"col-md-9\">\n<h2>SECRETAR\u00cdA DE ASUNTOS ECON\u00d3MICOS<\/h2>\n<\/p><\/div>\n<div class=\"col-md-3\">\n<div class=\"align-right\">\n\t\t\t\t\t\t\t\t<i class=\"icon-featured fa fa-user\"><\/i>\n\t\t\t\t\t\t\t<\/div>\n<\/p><\/div>\n<\/p><\/div>\n<div class=\"row\">\n<div class=\"col-md-12\">\n<p>\nSECRETARIO: C. JUAN MANUEL L\u00d3PEZ AMPAR\u00c1N.<br \/>\nSUBSECRETARIO: C. ESTEBAN IBARRA VALENZUELA.<br \/>\nSUBSECRETARIO: C. LUIS MORALES SERNA.<br \/>\nSUBSECRETARIO: C. AURELIO ESQUER SOTO.\n                                                        <\/p>\n<\/p><\/div>\n<\/p><\/div>\n<\/p><\/div>\n<\/p><\/div>\n<\/p><\/div>\n<\/p><\/div>\n<div class=\"row\">\n<div class=\"col-md-6 col-md-offset-3\">\n<div class=\"featured-box featured-box-primary featured-box-text-left\">\n<div class=\"box-content2\">\n<div class=\"row\">\n<div class=\"col-md-9\">\n<h2>SECRETAR\u00cdA DE EDUCACI\u00d3N, CAPACITACI\u00d3N Y ADIESTRAMIENTO<\/h2>\n<\/p><\/div>\n<div class=\"col-md-3\">\n<div class=\"align-right\">\n\t\t\t\t\t\t\t\t<i class=\"icon-featured fa fa-user\"><\/i>\n\t\t\t\t\t\t\t<\/div>\n<\/p><\/div>\n<\/p><\/div>\n<div class=\"row\">\n<div class=\"col-md-12\">\n<p>\nSECRETARIO: C. VICENTE JAVIER SOLIS GRANADOS.<br \/>\nSUBSECRETARIO: C. RAM\u00d3N CRUZ LACARRA.<br \/>\nSUBSECRETARIO: C. NORMA R\u00cdOS LUGO.<br \/>\nSUBSECRETARIO: C. FRANCISCO JAVIER VEGA RAMOS.\n                                                        <\/p>\n<\/p><\/div>\n<\/p><\/div>\n<\/p><\/div>\n<\/p><\/div>\n<\/p><\/div>\n<\/p><\/div>\n<div class=\"row\">\n<div class=\"col-md-6 col-md-offset-3\">\n<div class=\"featured-box featured-box-primary featured-box-text-left\">\n<div class=\"box-content2\">\n<div class=\"row\">\n<div class=\"col-md-9\">\n<h2>SECRETAR\u00cdA DE ACCI\u00d3N POL\u00cdTICA<\/h2>\n<\/p><\/div>\n<div class=\"col-md-3\">\n<div class=\"align-right\">\n\t\t\t\t\t\t\t\t<i class=\"icon-featured fa fa-user\"><\/i>\n\t\t\t\t\t\t\t<\/div>\n<\/p><\/div>\n<\/p><\/div>\n<div class=\"row\">\n<div class=\"col-md-12\">\n<p>\nSECRETARIO: C. GUADALUPE GRACIA BENITEZ.<br \/>\nSUBSECRETARIO: C. EVERARDO FIMBRES OCA\u00d1A.<br \/>\nSUBSECRETARIO: C. JULISSA BOJORQUEZ CASTILLO.<br \/>\nSUBSECRETARIO: C. EMMA LUZ GARC\u00cdA G\u00c1MEZ.\n                                                        <\/p>\n<\/p><\/div>\n<\/p><\/div>\n<\/p><\/div>\n<\/p><\/div>\n<\/p><\/div>\n<\/p><\/div>\n<div class=\"row\">\n<div class=\"col-md-6 col-md-offset-3\">\n<div class=\"featured-box featured-box-primary featured-box-text-left\">\n<div class=\"box-content2\">\n<div class=\"row\">\n<div class=\"col-md-9\">\n<h2>SECRETAR\u00cdA DE BIENESTAR SOCIAL Y ECOLOGIA<\/h2>\n<\/p><\/div>\n<div class=\"col-md-3\">\n<div class=\"align-right\">\n\t\t\t\t\t\t\t\t<i class=\"icon-featured fa fa-user\"><\/i>\n\t\t\t\t\t\t\t<\/div>\n<\/p><\/div>\n<\/p><\/div>\n<div class=\"row\">\n<div class=\"col-md-12\">\n<p>\nSECRETARIO: C. ISABEL VEL\u00c1SQUEZ REND\u00d3N.<br \/>\nSUBSECRETARIO: C. JOS\u00c9 HERN\u00c1NDEZ G\u00d3MEZ.<br \/>\nSUBSECRETARIO: C. PEDRO MANZO IBARRA.<br \/>\nSUBSECRETARIO: C. REMEDIOS ANDRADE ARCOAMARILLO.\n                                                        <\/p>\n<\/p><\/div>\n<\/p><\/div>\n<\/p><\/div>\n<\/p><\/div>\n<\/p><\/div>\n<\/p><\/div>\n<div class=\"row\">\n<div class=\"col-md-6 col-md-offset-3\">\n<div class=\"featured-box featured-box-primary featured-box-text-left\">\n<div class=\"box-content2\">\n<div class=\"row\">\n<div class=\"col-md-9\">\n<h2>SECRETAR\u00cdA DE COMUNICACI\u00d3N SOCIAL<\/h2>\n<\/p><\/div>\n<div class=\"col-md-3\">\n<div class=\"align-right\">\n\t\t\t\t\t\t\t\t<i class=\"icon-featured fa fa-user\"><\/i>\n\t\t\t\t\t\t\t<\/div>\n<\/p><\/div>\n<\/p><\/div>\n<div class=\"row\">\n<div class=\"col-md-12\">\n<p>\nSECRETARIO: C. JOS\u00c9 CRUZ VICTOR\u00cdN FIGUEROA.<br \/>\nSUBSECRETARIO: C. FRANCISCO CONTRERAS VERGARA.<br \/>\nSUBSECRETARIO: C. ALEJANDRO ENCINAS ARVAYO.<br \/>\nSUBSECRETARIO: C. RICARDO GONZ\u00c1LEZ PALACIOS.\n                                                        <\/p>\n<\/p><\/div>\n<\/p><\/div>\n<\/p><\/div>\n<\/p><\/div>\n<\/p><\/div>\n<\/p><\/div>\n<div class=\"row\">\n<div class=\"col-md-6 col-md-offset-3\">\n<div class=\"featured-box featured-box-primary featured-box-text-left\">\n<div class=\"box-content2\">\n<div class=\"row\">\n<div class=\"col-md-9\">\n<h2>SECRETAR\u00cdA DE FINANZAS<\/h2>\n<\/p><\/div>\n<div class=\"col-md-3\">\n<div class=\"align-right\">\n\t\t\t\t\t\t\t\t<i class=\"icon-featured fa fa-user\"><\/i>\n\t\t\t\t\t\t\t<\/div>\n<\/p><\/div>\n<\/p><\/div>\n<div class=\"row\">\n<div class=\"col-md-12\">\n<p>\nSECRETARIO: C. JOS\u00c9 ABEL SANDOVAL CABRAL.<br \/>\nSUBSECRETARIO: C. JES\u00daS JAIME G\u00c1MEZ G\u00d3MEZ.<br \/>\nSUBSECRETARIO: C. GUADALUPE SILVA BALBASTRO.<br \/>\nSUBSECRETARIO: C. RAYMUNDO CARPIO SIQUEIROS.\n                                                        <\/p>\n<\/p><\/div>\n<\/p><\/div>\n<\/p><\/div>\n<\/p><\/div>\n<\/p><\/div>\n<\/p><\/div>\n<div class=\"row\">\n<div class=\"col-md-6 col-md-offset-3\">\n<div class=\"featured-box featured-box-primary featured-box-text-left\">\n<div class=\"box-content2\">\n<div class=\"row\">\n<div class=\"col-md-9\">\n<h2>SECRETAR\u00cdA DE RELACIONES<\/h2>\n<\/p><\/div>\n<div class=\"col-md-3\">\n<div class=\"align-right\">\n\t\t\t\t\t\t\t\t<i class=\"icon-featured fa fa-user\"><\/i>\n\t\t\t\t\t\t\t<\/div>\n<\/p><\/div>\n<\/p><\/div>\n<div class=\"row\">\n<div class=\"col-md-12\">\n<p>\nSECRETARIO: C. RICARDO MART\u00cdNEZ HERRERA.<br \/>\nSUBSECRETARIO: C. GREGORIO ALVARADO S\u00c1NCHEZ.<br \/>\nSUBSECRETARIO: C. JORGE M\u00c1RQUEZ C\u00c1ZAREZ.<br \/>\nSUBSECRETARIO: C. FABI\u00c1N ELIAS.\n                                                        <\/p>\n<\/p><\/div>\n<\/p><\/div>\n<\/p><\/div>\n<\/p><\/div>\n<\/p><\/div>\n<\/p><\/div>\n<div class=\"row\">\n<div class=\"col-md-6 col-md-offset-3\">\n<div class=\"featured-box featured-box-primary featured-box-text-left\">\n<div class=\"box-content2\">\n<div class=\"row\">\n<div class=\"col-md-9\">\n<h2>SECRETAR\u00cdA DE TRANSPORTE<\/h2>\n<\/p><\/div>\n<div class=\"col-md-3\">\n<div class=\"align-right\">\n\t\t\t\t\t\t\t\t<i class=\"icon-featured fa fa-user\"><\/i>\n\t\t\t\t\t\t\t<\/div>\n<\/p><\/div>\n<\/p><\/div>\n<div class=\"row\">\n<div class=\"col-md-12\">\n<p>\nSECRETARIO: C. FAUSTINO RAYGOZA TIRADO.<br \/>\nSUBSECRETARIO: C. RIGOBERTO RAMOS PI\u00d1UELAS<br \/>\nSUBSECRETARIO: C. HERMENEGILDO GUTI\u00c9RREZ OBESO.<br \/>\nSUBSECRETARIO: C. ALEJANDRO ROCHA G\u00c1MEZ.\n                                                        <\/p>\n<\/p><\/div>\n<\/p><\/div>\n<\/p><\/div>\n<\/p><\/div>\n<\/p><\/div>\n<\/p><\/div>\n<div class=\"row\">\n<div class=\"col-md-6 col-md-offset-3\">\n<div class=\"featured-box featured-box-primary featured-box-text-left\">\n<div class=\"box-content2\">\n<div class=\"row\">\n<div class=\"col-md-9\">\n<h2>SECRETAR\u00cdA DE AGRICULTURA<\/h2>\n<\/p><\/div>\n<div class=\"col-md-3\">\n<div class=\"align-right\">\n\t\t\t\t\t\t\t\t<i class=\"icon-featured fa fa-user\"><\/i>\n\t\t\t\t\t\t\t<\/div>\n<\/p><\/div>\n<\/p><\/div>\n<div class=\"row\">\n<div class=\"col-md-12\">\n<p>\nSECRETARIO: C. ANTONIO URBINA S\u00c1NCHEZ.<br \/>\nSUBSECRETARIO C. OSCAR BORB\u00d3N ENCINAS.<br \/>\nSUBSECRETARIO: C. EDUARDO L\u00d3PEZ ARMENTA.\n                                                        <\/p>\n<\/p><\/div>\n<\/p><\/div>\n<\/p><\/div>\n<\/p><\/div>\n<\/p><\/div>\n<\/p><\/div>\n<div class=\"row\">\n<div class=\"col-md-6 col-md-offset-3\">\n<div class=\"featured-box featured-box-primary featured-box-text-left\">\n<div class=\"box-content2\">\n<div class=\"row\">\n<div class=\"col-md-9\">\n<h2>SECRETAR\u00cdA DE GRUPOS SOCIALES MARGINADOS<\/h2>\n<\/p><\/div>\n<div class=\"col-md-3\">\n<div class=\"align-right\">\n\t\t\t\t\t\t\t\t<i class=\"icon-featured fa fa-user\"><\/i>\n\t\t\t\t\t\t\t<\/div>\n<\/p><\/div>\n<\/p><\/div>\n<div class=\"row\">\n<div class=\"col-md-12\">\n<p>\nSECRETARIO: C. RAM\u00d3N GASTELUM ROCHA.<br \/>\nSUBSECRETARIO: C. GREGORIO MOYA RAZO.<br \/>\nSUBSECRETARIO: C. MART\u00cdN CASANOVA CAMPOS.<br \/>\nSUBSECRETARIO: C. PAULA BON MONTOYA.\n                                                        <\/p>\n<\/p><\/div>\n<\/p><\/div>\n<\/p><\/div>\n<\/p><\/div>\n<\/p><\/div>\n<\/p><\/div>\n<div class=\"row\">\n<div class=\"col-md-6 col-md-offset-3\">\n<div class=\"featured-box featured-box-primary featured-box-text-left\">\n<div class=\"box-content2\">\n<div class=\"row\">\n<div class=\"col-md-9\">\n<h2>SECRETAR\u00cdA DE ACCI\u00d3N FEMENIL<\/h2>\n<\/p><\/div>\n<div class=\"col-md-3\">\n<div class=\"align-right\">\n\t\t\t\t\t\t\t\t<i class=\"icon-featured fa fa-user\"><\/i>\n\t\t\t\t\t\t\t<\/div>\n<\/p><\/div>\n<\/p><\/div>\n<div class=\"row\">\n<div class=\"col-md-12\">\n<p>\nSECRETARIO: C. ALMA ESTRADA DUARTE.<br \/>\nSUBSECRETARIO: C. ROSA ICELA MART\u00cdNEZ ESPINOZA.<br \/>\nSUBSECRETARIO: C. LETICIA PALMA CRUZ.<br \/>\nSUBSECRETARIO: C. ROSALVA ISLAS F\u00c9LIX.\n                                                        <\/p>\n<\/p><\/div>\n<\/p><\/div>\n<\/p><\/div>\n<\/p><\/div>\n<\/p><\/div>\n<\/p><\/div>\n<div class=\"row\">\n<div class=\"col-md-6 col-md-offset-3\">\n<div class=\"featured-box featured-box-primary featured-box-text-left\">\n<div class=\"box-content2\">\n<div class=\"row\">\n<div class=\"col-md-9\">\n<h2>SECRETAR\u00cdA DE ACCI\u00d3N JUVENIL<\/h2>\n<\/p><\/div>\n<div class=\"col-md-3\">\n<div class=\"align-right\">\n\t\t\t\t\t\t\t\t<i class=\"icon-featured fa fa-user\"><\/i>\n\t\t\t\t\t\t\t<\/div>\n<\/p><\/div>\n<\/p><\/div>\n<div class=\"row\">\n<div class=\"col-md-12\">\n<p>\nSECRETARIO: C. ZULEMA VIANNEY MURRIETA BOJORQUEZ.<br \/>\nSUBSECRETARIO: C. ILDELFONSO V\u00c1SQUEZ CANO.<br \/>\nSUBSECRETARIO: C. EDGAR V\u00c1SQUEZ COLORADO.<br \/>\nSUBSECRETARIO: C. ALMA MOROYOQUI ANGUIS.\n                                                        <\/p>\n<\/p><\/div>\n<\/p><\/div>\n<\/p><\/div>\n<\/p><\/div>\n<\/p><\/div>\n<\/p><\/div>\n<div class=\"row\">\n<div class=\"col-md-6 col-md-offset-3\">\n<div class=\"featured-box featured-box-primary featured-box-text-left\">\n<div class=\"box-content2\">\n<div class=\"row\">\n<div class=\"col-md-9\">\n<h2>SECRETAR\u00cdA DE CONTRALOR\u00cdA Y JUSTICIA<\/h2>\n<\/p><\/div>\n<div class=\"col-md-3\">\n<div class=\"align-right\">\n\t\t\t\t\t\t\t\t<i class=\"icon-featured fa fa-user\"><\/i>\n\t\t\t\t\t\t\t<\/div>\n<\/p><\/div>\n<\/p><\/div>\n<div class=\"row\">\n<div class=\"col-md-12\">\n<p>\nPRESIDENTE: C. JOS\u00c9 ESTEBAN PERAL COTA.<br \/>\nSECRETARIO: C. MARIO ALBERTO GUERRERO LE\u00d3N.<br \/>\nVOCAL: C. JES\u00daS MADRID ROBLES.<br \/>\nSUPLENTE: C. REY MANUEL HERN\u00c1NDEZ CAMACHO.<br \/>\nSUPLENTE: C. TOM\u00c1S ANAYA G\u00d3MEZ.<br \/>\nSUPLENTE: C. ERICK DWORAK ORTEGA.\n                                                        <\/p>\n<\/p><\/div>\n<\/p><\/div>\n<\/p><\/div>\n<\/p><\/div>\n<\/p><\/div>\n<\/p><\/div>\n<div class=\"row\">\n<div class=\"col-md-6 col-md-offset-3\">\n<div class=\"featured-box featured-box-primary featured-box-text-left\">\n<div class=\"box-content2\">\n<div class=\"row\">\n<div class=\"col-md-9\">\n<h2>COMISI\u00d3N DEL DEPORTE<\/h2>\n<\/p><\/div>\n<div class=\"col-md-3\">\n<div class=\"align-right\">\n\t\t\t\t\t\t\t\t<i class=\"icon-featured fa fa-user\"><\/i>\n\t\t\t\t\t\t\t<\/div>\n<\/p><\/div>\n<\/p><\/div>\n<div class=\"row\">\n<div class=\"col-md-12\">\n<p>\nPRESIDENTE: C. AURELIO FLORES GARC\u00cdA.<br \/>\nSECRETARIO: C. JES\u00daS RAM\u00d3N RIVERA GUTI\u00c9RREZ.<br \/>\nVOCAL: C. RUB\u00c9N RUBIO GUEVARA.<br \/>\nSUPLENTE: C. NESTOR RIVERA IBARRA.<br \/>\nSUPLENTE: C. MART\u00cdN GUILLERMO D\u00cdAZ BORBOA.\n                                                        <\/p>\n<\/p><\/div>\n<\/p><\/div>\n<\/p><\/div>\n<\/p><\/div>\n<\/p><\/div>\n<\/p><\/div>\n<\/div>\n","protected":false},"excerpt":{"rendered":"SECRETARIO GENERAL LIC. JAVIER VILLARREAL G\u00c1MEZ SECRETARIOS GENERALES SUSTITUTOS C. HECTOR ROBLES NU\u00d1EZ. C. FRANCISCO BOJORQUEZ MUNGARAY. C. FERNANDO MILL\u00c1N HARRIZON. C. GUILLERMO \n<a class=\"moretag\" href=\"http:\/\/www.ctmsonora.org\/?page_id=4\"> [...]<\/a>","protected":false},"author":1,"featured_media":0,"parent":0,"menu_order":0,"comment_status":"open","ping_status":"open","template":"","meta":{"footnotes":""},"class_list":["post-4","page","type-page","status-publish","hentry"],"_links":{"self":[{"href":"http:\/\/www.ctmsonora.org\/index.php?rest_route=\/wp\/v2\/pages\/4","targetHints":{"allow":["GET"]}}],"collection":[{"href":"http:\/\/www.ctmsonora.org\/index.php?rest_route=\/wp\/v2\/pages"}],"about":[{"href":"http:\/\/www.ctmsonora.org\/index.php?rest_route=\/wp\/v2\/types\/page"}],"author":[{"embeddable":true,"href":"http:\/\/www.ctmsonora.org\/index.php?rest_route=\/wp\/v2\/users\/1"}],"replies":[{"embeddable":true,"href":"http:\/\/www.ctmsonora.org\/index.php?rest_route=%2Fwp%2Fv2%2Fcomments&post=4"}],"version-history":[{"count":58,"href":"http:\/\/www.ctmsonora.org\/index.php?rest_route=\/wp\/v2\/pages\/4\/revisions"}],"predecessor-version":[{"id":7346,"href":"http:\/\/www.ctmsonora.org\/index.php?rest_route=\/wp\/v2\/pages\/4\/revisions\/7346"}],"wp:attachment":[{"href":"http:\/\/www.ctmsonora.org\/index.php?rest_route=%2Fwp%2Fv2%2Fmedia&parent=4"}],"curies":[{"name":"wp","href":"https:\/\/api.w.org\/{rel}","templated":true}]}}