























{"id":180,"date":"2011-07-22T18:13:23","date_gmt":"2011-07-22T18:13:23","guid":{"rendered":"http:\/\/www.ctmsonora.org\/?page_id=180"},"modified":"2023-08-18T19:43:26","modified_gmt":"2023-08-18T19:43:26","slug":"federeciones-municipales","status":"publish","type":"page","link":"http:\/\/www.ctmsonora.org\/?page_id=180","title":{"rendered":"FEDERACIONES MUNICIPALES"},"content":{"rendered":"<p><!-- federacion 1 --><\/p>\n<div class=\"row\">\n<div class=\"col-md-12\">\n<div id=\"accordion\" class=\"panel-group\">\n<div class=\"panel panel-default\">\n<div class=\"panel-heading\">\n<h4 class=\"panel-title\"><a class=\"accordion-toggle\" href=\"#collapse1One\" data-toggle=\"collapse\" data-parent=\"#accordion\"><br \/>\nFEDERACI\u00d3N MUNICIPAL DE CAJEME, C.T.M<br \/>\n<\/a><\/h4>\n<\/div>\n<div id=\"collapse1One\" class=\"accordion-body collapse in\">\n<div class=\"panel-body\">\n<div class=\"row\">\n<div class=\"col-md-2\"><img loading=\"lazy\" decoding=\"async\" class=\"img-responsive\" src=\"http:\/\/www.ctmsonora.org\/wp-content\/uploads\/2011\/07\/0425e6ab-239e-4e00-870c-54cb65dfb4f1.jpg\" alt=\"\" width=\"211\" height=\"275\" \/><\/div>\n<div class=\"col-md-2\"><\/div>\n<div class=\"col-md-10\"><strong>Secretario General:<\/strong>\u00a0\u00a0Luis Alonso Acosta C\u00e1rdenas.<br \/>\n<strong>Direcci\u00f3n:<\/strong> Calle Sonora No. 432 Sur Altos, Ciudad Obreg\u00f3n, Cajeme,Sonora.<br \/>\n<strong>Tel\u00e9fono:<\/strong> 01\u00a064 44 62 04 09<br \/>\n<strong>E-Mail:<\/strong> ctm_cajeme@hotmail.com<\/div>\n<\/div>\n<\/div>\n<\/div>\n<\/div>\n<\/div>\n<\/div>\n<\/div>\n<p><!-- federacion 2 --><\/p>\n<div class=\"row\">\n<div class=\"col-md-12\">\n<div id=\"accordion\" class=\"panel-group\">\n<div class=\"panel panel-default\">\n<div class=\"panel-heading\">\n<h4 class=\"panel-title\"><a class=\"accordion-toggle\" href=\"#collapse1One\" data-toggle=\"collapse\" data-parent=\"#accordion\"><br \/>\nFEDERACI\u00d3N MUNICIPAL DE NAVOJOA, C.T.M<br \/>\n<\/a><\/h4>\n<\/div>\n<div id=\"collapse1One\" class=\"accordion-body collapse in\">\n<div class=\"panel-body\">\n<div class=\"row\">\n<div class=\"col-md-2\"><img decoding=\"async\" class=\"img-responsive\" src=\"wp-content\/themes\/awaken\/images\/federaciones\/fed05.jpg\" alt=\"\" \/><\/div>\n<div class=\"col-md-10\"><strong>Secretario General:<\/strong> C. Guillermo Pe\u00f1a Enr\u00edquez<br \/>\n<strong>Periodo:<\/strong> Del 23 de Noviembre de 2012 al 23 de Noviembre de 2015<br \/>\n<strong>Direcci\u00f3n:<\/strong> No Reelecci\u00f3n y R. Campod\u00f3nico No. 1701 Sur, Col. Ju\u00e1rez, Navojoa, Sonora.<br \/>\n<strong>Tel\u00e9fono:<\/strong> 01 642 421 3523 E-Mail: guillermop_@hotmail.com<\/div>\n<\/div>\n<\/div>\n<\/div>\n<\/div>\n<\/div>\n<\/div>\n<\/div>\n<p><!-- federacion 3 --><\/p>\n<div class=\"row\">\n<div class=\"col-md-12\">\n<div id=\"accordion\" class=\"panel-group\">\n<div class=\"panel panel-default\">\n<div class=\"panel-heading\">\n<h4 class=\"panel-title\"><a class=\"accordion-toggle\" href=\"#collapse1One\" data-toggle=\"collapse\" data-parent=\"#accordion\"><br \/>\nFEDERACI\u00d3N MUNICIPAL DE MAGDALENA DE KINO, C.T.M<br \/>\n<\/a><\/h4>\n<\/div>\n<div id=\"collapse1One\" class=\"accordion-body collapse in\">\n<div class=\"panel-body\">\n<div class=\"row\">\n<div class=\"col-md-2\"><img decoding=\"async\" class=\"img-responsive\" src=\"wp-content\/themes\/awaken\/images\/federaciones\/fed12.jpg\" alt=\"\" \/><strong>Secretario General:<\/strong> C. Jos\u00e9 Luis Jim\u00e9nez S\u00e1nchez<br \/>\n<strong>Periodo:<\/strong> 2008 al 2011<br \/>\n<strong>Direcci\u00f3n:<\/strong> Calle Ni\u00f1os H\u00e9roes y Matamoros, Edificio Claudia Planta Alta No. 200, Col. Centro, Magdalena de Kino, Sonora.<br \/>\n<strong>Tel\u00e9fono:<\/strong> 01 632 322 2282 y 01 632 322 0366<br \/>\n<strong>E-Mail:<\/strong> palmeras184@hotmail.com<\/div>\n<\/div>\n<\/div>\n<\/div>\n<\/div>\n<\/div>\n<\/div>\n<\/div>\n<p><!-- federacion 4 --><\/p>\n<div class=\"row\">\n<div class=\"col-md-12\">\n<div id=\"accordion\" class=\"panel-group\">\n<div class=\"panel panel-default\">\n<div class=\"panel-heading\">\n<h4 class=\"panel-title\"><a class=\"accordion-toggle\" href=\"#collapse1One\" data-toggle=\"collapse\" data-parent=\"#accordion\"><br \/>\nFEDERACI\u00d3N MUNICIPAL DE HERMOSILLO, C.T.M.<br \/>\n<\/a><\/h4>\n<\/div>\n<div id=\"collapse1One\" class=\"accordion-body collapse in\">\n<div class=\"panel-body\">\n<div class=\"row\">\n<div class=\"col-md-2\"><img loading=\"lazy\" decoding=\"async\" class=\" wp-image-8408 alignnone\" src=\"http:\/\/www.ctmsonora.org\/wp-content\/uploads\/2023\/08\/OSCAR-ORTIZ-WEB.jpg\" alt=\"\" width=\"216\" height=\"302\" srcset=\"http:\/\/www.ctmsonora.org\/wp-content\/uploads\/2023\/08\/OSCAR-ORTIZ-WEB.jpg 360w, http:\/\/www.ctmsonora.org\/wp-content\/uploads\/2023\/08\/OSCAR-ORTIZ-WEB-214x300.jpg 214w\" sizes=\"auto, (max-width: 216px) 100vw, 216px\" \/><\/div>\n<div class=\"col-md-2\"><\/div>\n<div class=\"col-md-10\">Secretario General: C. Oscar Ort\u00edz Arvayo<br \/>\n<strong>Periodo:<\/strong> 2021 \u2013 2024<br \/>\n<strong>Direcci\u00f3n:<\/strong> Calle Fidel Vel\u00e1zquez s\/n, entre Francisco Serna y Blvd. Paseo del R\u00edo, Col. Hacienda de la Flor, Hermosillo, Sonora. C.P. 83090<br \/>\n<strong>Tel\u00e9fono:<\/strong> 01 662 3390395<br \/>\n<strong>E-Mail:<\/strong> CTM.hermosillo@hotmail.com<\/div>\n<\/div>\n<\/div>\n<\/div>\n<\/div>\n<\/div>\n<\/div>\n<\/div>\n<p><!-- federacion 5 --><\/p>\n<div class=\"row\">\n<div class=\"col-md-12\">\n<div id=\"accordion\" class=\"panel-group\">\n<div class=\"panel panel-default\">\n<div class=\"panel-heading\">\n<h4 class=\"panel-title\"><a class=\"accordion-toggle\" href=\"#collapse1One\" data-toggle=\"collapse\" data-parent=\"#accordion\"><br \/>\nFEDERACI\u00d3N MUNICIPAL DE ETCHOJOA, C.T.M<br \/>\n<\/a><\/h4>\n<\/div>\n<\/div>\n<\/div>\n<\/div>\n<\/div>\n<div class=\"row\">\n<div class=\"col-md-12\">\n<div id=\"accordion\" class=\"panel-group\">\n<div class=\"panel panel-default\">\n<div class=\"panel-heading\"><\/div>\n<div id=\"collapse1One\" class=\"accordion-body collapse in\">\n<div class=\"panel-body\">\n<div class=\"row\">\n<div class=\"col-md-2\"><img decoding=\"async\" class=\"img-responsive\" src=\"wp-content\/themes\/awaken\/images\/federaciones\/sin-foto.jpg\" alt=\"\" \/><strong>Secretario General:<\/strong> C. Roberto Medina Quintero.<br \/>\n<strong>Periodo:<\/strong>\u00a02017 &#8211;<br \/>\n<strong>Direcci\u00f3n:<\/strong> Domicilio Conocido, Col. Obrera, Etchojoa, Sonora.<br \/>\n<strong>Tel\u00e9fono: 64 21 22 39 97.\u00a0<\/strong><br \/>\n<strong>E-MAIL:<\/strong><\/div>\n<\/div>\n<\/div>\n<\/div>\n<\/div>\n<\/div>\n<\/div>\n<\/div>\n<p><!-- federacion 7 --><\/p>\n<div class=\"row\">\n<div class=\"col-md-12\">\n<div id=\"accordion\" class=\"panel-group\">\n<div class=\"panel panel-default\">\n<div class=\"panel-heading\">\n<div class=\"row\">\n<div class=\"col-md-12\">\n<div id=\"accordion\" class=\"panel-group\">\n<div class=\"panel panel-default\">\n<div class=\"panel-heading\">\n<h4 class=\"panel-title\"><a class=\"accordion-toggle\" href=\"#collapse1One\" data-toggle=\"collapse\" data-parent=\"#accordion\">FEDERACI\u00d3N MUNICIPAL DE PUERTO PE\u00d1ASCO, C.T.M<br \/>\n<\/a><\/h4>\n<\/div>\n<\/div>\n<\/div>\n<\/div>\n<\/div>\n<div class=\"row\">\n<div class=\"col-md-12\">\n<div id=\"accordion\" class=\"panel-group\">\n<div class=\"panel panel-default\">\n<div class=\"panel-heading\"><\/div>\n<div id=\"collapse1One\" class=\"accordion-body collapse in\">\n<div class=\"panel-body\">\n<div class=\"row\">\n<div class=\"col-md-2\"><img decoding=\"async\" class=\"img-responsive\" src=\"wp-content\/themes\/awaken\/images\/federaciones\/sin-foto.jpg\" alt=\"\" \/><strong>Secretario General:<\/strong> C. Jos\u00e9 M\u00e1rquez S\u00e1nchez.<br \/>\n<strong>Periodo:<\/strong>\u00a02018-2021<br \/>\n<strong>Direcci\u00f3n:<\/strong> Blvd. Sonora esq. Belisario Dom\u00ednguez sn, Col. Oriente, Puerto Pe\u00f1asco, Sonora<br \/>\n<strong>Tel\u00e9fono: <\/strong>01 638 107 09 06<br \/>\n<strong>E-MAIL:<\/strong>ctmpenasco@outlook.es<\/div>\n<\/div>\n<\/div>\n<\/div>\n<\/div>\n<\/div>\n<\/div>\n<\/div>\n<h4 class=\"panel-title\"><a class=\"accordion-toggle\" href=\"#collapse1One\" data-toggle=\"collapse\" data-parent=\"#accordion\"><br \/>\nFEDERACI\u00d3N MUNICIPAL DE GUAYMAS, C.T.M<br \/>\n<\/a><\/h4>\n<\/div>\n<div id=\"collapse1One\" class=\"accordion-body collapse in\">\n<div class=\"panel-body\">\n<div class=\"row\">\n<div class=\"col-md-2\"><img decoding=\"async\" class=\"img-responsive\" src=\"wp-content\/themes\/awaken\/images\/federaciones\/sin-foto.jpg\" alt=\"\" \/><strong>Secretario General:<\/strong> C.\u00a0Rolando Corral L\u00f3pez<br \/>\n<strong>Periodo:<\/strong> 201 \u2013 2022<br \/>\n<strong>Direcci\u00f3n:<\/strong> Avenida Alfonso Iberri No. 325, entre Calle 27 y Calle 28, Col. Centro, Guaymas, Sonora.<br \/>\n<strong>Tel\u00e9fono:<\/strong> 01 622 224 4488<br \/>\n<strong>E-Mail:<\/strong><\/div>\n<\/div>\n<\/div>\n<\/div>\n<\/div>\n<\/div>\n<\/div>\n<\/div>\n<p><!-- federacion 8 --><\/p>\n<div class=\"row\">\n<div class=\"col-md-12\">\n<div id=\"accordion\" class=\"panel-group\">\n<div class=\"panel panel-default\">\n<div class=\"panel-heading\">\n<h4 class=\"panel-title\"><a class=\"accordion-toggle\" href=\"#collapse1One\" data-toggle=\"collapse\" data-parent=\"#accordion\"><br \/>\nFEDERACI\u00d3N MUNICIPAL DE HUATABAMPO, C.T.M<br \/>\n<\/a><\/h4>\n<\/div>\n<div id=\"collapse1One\" class=\"accordion-body collapse in\">\n<div class=\"panel-body\">\n<div class=\"row\">\n<div class=\"col-md-2\"><img class=\"img-responsive\" alt=\"\" \/><strong>Secretario General:<\/strong> C.\u00a0Blanca Nydia Verdusco Cruz<br \/>\n<strong>Periodo:<\/strong>\u00a02017-<br \/>\n<strong>Direcci\u00f3n:<\/strong> Calle Allende No. 101 Poniente, Col. Centro, Huatabampo, Sonora.<br \/>\n<strong>Tel\u00e9fono:<\/strong>\u00a064 74 26 00 00<br \/>\n<strong>E-Mail:<\/strong>\u00a0<a href=\"mailto:licnydiaver1@hotmail.com\">licnydiaver1@hotmail.com<\/a><\/div>\n<\/div>\n<\/div>\n<\/div>\n<\/div>\n<\/div>\n<\/div>\n<\/div>\n<p><!-- federacion 9 --><\/p>\n<div class=\"row\">\n<div class=\"col-md-12\">\n<div id=\"accordion\" class=\"panel-group\">\n<div class=\"panel panel-default\">\n<div class=\"panel-heading\">\n<h4 class=\"panel-title\"><a class=\"accordion-toggle\" href=\"#collapse1One\" data-toggle=\"collapse\" data-parent=\"#accordion\"><br \/>\nFEDERACI\u00d3N MUNICIPAL DE SAN LUIS R\u00cdO COLORADO, C.T.M.<br \/>\n<\/a><\/h4>\n<\/div>\n<div id=\"collapse1One\" class=\"accordion-body collapse in\">\n<div class=\"panel-body\">\n<div class=\"row\">\n<div class=\"col-md-2\"><img decoding=\"async\" class=\"img-responsive\" src=\"wp-content\/themes\/awaken\/images\/federaciones\/sin-foto.jpg\" alt=\"\" \/><strong>Secretario General:<\/strong> C. Aurelio Esquer Soto<br \/>\n<strong>Periodo:<\/strong>\u00a02019 &#8211;<br \/>\n<strong>Direcci\u00f3n:<\/strong> Avenida Chihuahua No. 608, Col. Sonora, San Luis R\u00edo Colorado, Sonora.<br \/>\n<strong>Tel\u00e9fono:<\/strong> 01 653 534 3956<br \/>\n<strong>E-Mail:<\/strong><\/div>\n<\/div>\n<\/div>\n<\/div>\n<\/div>\n<\/div>\n<\/div>\n<\/div>\n<p><!-- federacion 10 --><\/p>\n<div class=\"row\">\n<div class=\"col-md-12\">\n<div id=\"accordion\" class=\"panel-group\">\n<div class=\"panel panel-default\">\n<div class=\"panel-heading\">\n<h4 class=\"panel-title\"><a class=\"accordion-toggle\" href=\"#collapse1One\" data-toggle=\"collapse\" data-parent=\"#accordion\"><br \/>\nFEDERACI\u00d3N MUNICIPAL DE AGUA PRIETA, C.T.M.<br \/>\n<\/a><\/h4>\n<\/div>\n<div id=\"collapse1One\" class=\"accordion-body collapse in\">\n<div class=\"panel-body\">\n<div class=\"row\">\n<div class=\"col-md-2\"><img decoding=\"async\" class=\"img-responsive\" src=\"wp-content\/themes\/awaken\/images\/federaciones\/fed04.jpg\" alt=\"\" \/><strong>Secretario General:<\/strong> C. Pedro Armando Manzo Ibarra<br \/>\n<strong>Periodo:<\/strong>\u00a0 2019 &#8211;<br \/>\n<strong>Direcci\u00f3n:<\/strong> Calle 10 y 11, Avenida 17 y 18, Callej\u00f3n, Col. Centro, Agua Prieta, Sonora.<br \/>\n<strong>Tel\u00e9fono:<\/strong> 01 633 338 7703<br \/>\n<strong>E-Mail:<\/strong> paman_67@hotmail.com<\/div>\n<\/div>\n<\/div>\n<\/div>\n<\/div>\n<\/div>\n<\/div>\n<\/div>\n<p><!-- federacion 11 --><\/p>\n<div class=\"row\">\n<div class=\"col-md-12\">\n<div id=\"accordion\" class=\"panel-group\">\n<div class=\"panel panel-default\">\n<div class=\"panel-heading\">\n<h4 class=\"panel-title\"><a class=\"accordion-toggle\" href=\"#collapse1One\" data-toggle=\"collapse\" data-parent=\"#accordion\"><br \/>\nFEDERACI\u00d3N MUNICIPAL DE CABORCA, C.T.M.<br \/>\n<\/a><\/h4>\n<\/div>\n<div id=\"collapse1One\" class=\"accordion-body collapse in\">\n<div class=\"panel-body\">\n<div class=\"row\">\n<div class=\"col-md-2\"><img decoding=\"async\" class=\"img-responsive\" src=\"wp-content\/themes\/awaken\/images\/federaciones\/fed03.jpg\" alt=\"\" \/><strong>Secretario General:<\/strong> C. Jos\u00e9 Ram\u00f3n Gast\u00e9lum Rocha<br \/>\n<strong>Periodo:<\/strong>\u00a0 2019 &#8211;<br \/>\n<strong>Direcci\u00f3n:<\/strong> Calle 12 y Ave. 6 de Abril, Esquina, Col. Centro, H. Caborca, Sonora.<br \/>\n<strong>Tel\u00e9fono:<\/strong> 01 637 372 3157<br \/>\n<strong>E-Mail:<\/strong> ctmcaborca@gmail.com<\/div>\n<\/div>\n<\/div>\n<\/div>\n<\/div>\n<\/div>\n<\/div>\n<\/div>\n<p><!-- federacion 12 --><\/p>\n<div class=\"row\">\n<div class=\"col-md-12\">\n<div id=\"accordion\" class=\"panel-group\">\n<div class=\"panel panel-default\">\n<div class=\"panel-heading\">\n<h4 class=\"panel-title\"><a class=\"accordion-toggle\" href=\"#collapse1One\" data-toggle=\"collapse\" data-parent=\"#accordion\"><br \/>\nFEDERACI\u00d3N MUNICIPAL DE NOGALES, C.T.M.<br \/>\n<\/a><\/h4>\n<\/div>\n<div id=\"collapse1One\" class=\"accordion-body collapse in\">\n<div class=\"panel-body\">\n<div class=\"row\">\n<div class=\"col-md-2\"><img decoding=\"async\" class=\"img-responsive\" src=\"wp-content\/themes\/awaken\/images\/federaciones\/fed13.jpg\" alt=\"\" \/><strong>Secretario General:<\/strong> C. Jorge Vega Valle<br \/>\n<strong>Periodo:<\/strong>\u00a0 2019<br \/>\n<strong>Direcci\u00f3n:<\/strong> Calle Porfirio D\u00edaz No. 157, Col. Fundo Legal, H. Nogales, Sonora<br \/>\n<strong>Tel\u00e9fono:<\/strong> 01 631 320 0752<br \/>\n<strong>E-Mail:<\/strong> ctmnogales@hotmail.com<\/div>\n<\/div>\n<\/div>\n<\/div>\n<\/div>\n<\/div>\n<\/div>\n<\/div>\n<p><!-- federacion 13 --><\/p>\n<div class=\"row\">\n<div class=\"col-md-12\">\n<div id=\"accordion\" class=\"panel-group\">\n<div class=\"panel panel-default\">\n<div class=\"panel-heading\">\n<h4 class=\"panel-title\"><a class=\"accordion-toggle\" href=\"#collapse1One\" data-toggle=\"collapse\" data-parent=\"#accordion\"><br \/>\nFEDERACI\u00d3N MUNICIPAL DE EMPALME, C.T.M.<br \/>\n<\/a><\/h4>\n<\/div>\n<div id=\"collapse1One\" class=\"accordion-body collapse in\">\n<div class=\"panel-body\">\n<div class=\"row\">\n<div class=\"col-md-2\"><img class=\"img-responsive\" alt=\"\" \/><strong>Secretario General:<\/strong> C. \u00a0Jos\u00e9 \u00c1ngel Mayorqu\u00edn Carrillo<br \/>\n<strong>Periodo:<\/strong>\u00a0Interinato 2019 &#8211;<br \/>\n<strong>Direcci\u00f3n:<\/strong> Calle Ju\u00e1rez s\/n, entre Avenida Constituci\u00f3n y Calle 1\u00b0 de Mayo, Col. Moderna, Empalme, Sonora.<br \/>\n<strong>Tel\u00e9fono:<\/strong> 01\u00a062 21 13 14 03<br \/>\n<strong>E-Mail:<\/strong>\u00a0fedctmempalme@hotmail.com<\/div>\n<\/div>\n<\/div>\n<\/div>\n<\/div>\n<\/div>\n<\/div>\n<\/div>\n<p><!-- federacion 14 --><\/p>\n<div class=\"row\">\n<div class=\"col-md-12\">\n<div id=\"accordion\" class=\"panel-group\">\n<div class=\"panel panel-default\">\n<div class=\"panel-heading\">\n<h4 class=\"panel-title\"><a class=\"accordion-toggle\" href=\"#collapse1One\" data-toggle=\"collapse\" data-parent=\"#accordion\"><br \/>\nFEDERACI\u00d3N MUNICIPAL DE SONOYTA, C.T.M<br \/>\n<\/a><\/h4>\n<\/div>\n<div id=\"collapse1One\" class=\"accordion-body collapse in\">\n<div class=\"panel-body\">\n<div class=\"row\">\n<div class=\"col-md-2\"><img decoding=\"async\" class=\"img-responsive\" src=\"wp-content\/themes\/awaken\/images\/federaciones\/sin-foto.jpg\" alt=\"\" \/><\/div>\n<div class=\"col-md-10\"><strong>Secretario General:<\/strong> C.\u00a0Ra\u00fal Pino Gamboa<br \/>\n<strong>Periodo:<\/strong>\u00a02019 &#8211;<br \/>\n<strong>Direcci\u00f3n:<\/strong> Calle Enrique Ruhel y California s\/n, Col. Centro, Sonoyta, Sonora.<br \/>\n<strong>Tel\u00e9fono:<\/strong>\u00a0 01 65 15 12 33 35<\/div>\n<div class=\"col-md-10\"><strong><strong>E-Mail:\u00a0<\/strong><\/strong><a href=\"mailto:raulpino@hotmail.com\">raulpino@hotmail.com<\/a><\/div>\n<\/div>\n<\/div>\n<\/div>\n<\/div>\n<\/div>\n<\/div>\n<\/div>\n<p><!-- federacion 15 --><\/p>\n<div class=\"row\">\n<div class=\"col-md-12\">\n<div id=\"accordion\" class=\"panel-group\">\n<div class=\"panel panel-default\">\n<div class=\"panel-heading\">\n<h4 class=\"panel-title\"><a class=\"accordion-toggle\" href=\"#collapse1One\" data-toggle=\"collapse\" data-parent=\"#accordion\"><br \/>\nFEDERACI\u00d3N MUNICIPAL DE BENITO JU\u00c1REZ, C.T.M<br \/>\n<\/a><\/h4>\n<\/div>\n<div id=\"collapse1One\" class=\"accordion-body collapse in\">\n<div class=\"panel-body\">\n<div class=\"row\">\n<div class=\"col-md-2\"><img decoding=\"async\" class=\"img-responsive\" src=\"wp-content\/themes\/awaken\/images\/federaciones\/sin-foto.jpg\" alt=\"\" \/><strong>Secretario General:<\/strong> C. Joel Torres Mungaray<br \/>\n<strong>Periodo:<\/strong> 2015 \u2013 2018<br \/>\n<strong>Direcci\u00f3n:<\/strong> Calle Independencia y 5 de Febrero s\/n, Benito Ju\u00e1rez, Sonora.<br \/>\n<strong>Tel\u00e9fono:<\/strong> 644 115 9005<br \/>\n<strong><strong>E-Mail:\u00a0\u00a0<\/strong><\/strong><a href=\"mailto:licenciado_joel@hotmail.com\">licenciado_joel@hotmail.com<\/a><\/div>\n<\/div>\n<\/div>\n<\/div>\n<\/div>\n<\/div>\n<\/div>\n<\/div>\n<p><!-- federacion 16 --><\/p>\n<div class=\"row\">\n<div class=\"col-md-12\">\n<div id=\"accordion\" class=\"panel-group\">\n<div class=\"panel panel-default\">\n<div class=\"panel-heading\">\n<h4 class=\"panel-title\"><a class=\"accordion-toggle\" href=\"#collapse1One\" data-toggle=\"collapse\" data-parent=\"#accordion\"><br \/>\nFEDERACI\u00d3N MUNICIPAL DE NACOZARI DE GARC\u00cdA, C.T.M<br \/>\n<\/a><\/h4>\n<\/div>\n<div id=\"collapse1One\" class=\"accordion-body collapse in\">\n<div class=\"panel-body\">\n<div class=\"row\">\n<div class=\"col-md-2\"><img decoding=\"async\" class=\"img-responsive\" src=\"wp-content\/themes\/awaken\/images\/federaciones\/sin-foto.jpg\" alt=\"\" \/><strong>Secretario General:<\/strong> C. Gaudencio Portillo Torres<br \/>\n<strong>Periodo:<\/strong> Marzo del 2014 a Marzo del 2017<br \/>\n<strong>Direcci\u00f3n:<\/strong> Ferrocarril s\/n, Nacozari de Garc\u00eda, Sonora.<br \/>\n<strong><strong>Tel\u00e9fono:\u00a0\u00a0<\/strong><\/strong>63 41 06 93 67\u00a0\u00a0<strong><strong><br \/>\n<\/strong><\/strong><strong><strong>E-Mail:\u00a0<\/strong><\/strong><a href=\"mailto:Portillo.gaude@live.com\">portillo.gaude@live.com<\/a><\/div>\n<\/div>\n<\/div>\n<\/div>\n<\/div>\n<\/div>\n<\/div>\n<\/div>\n<p><!-- federacion 17 --><\/p>\n<div class=\"row\">\n<div class=\"col-md-12\">\n<div id=\"accordion\" class=\"panel-group\">\n<div class=\"panel panel-default\">\n<div class=\"panel-heading\">\n<h4 class=\"panel-title\"><a class=\"accordion-toggle\" href=\"#collapse1One\" data-toggle=\"collapse\" data-parent=\"#accordion\"><br \/>\nFEDERACI\u00d3N MUNICIPAL DE SANTA ANA, C.T.M<br \/>\n<\/a><\/h4>\n<\/div>\n<div id=\"collapse1One\" class=\"accordion-body collapse in\">\n<div class=\"panel-body\">\n<div class=\"row\">\n<div class=\"col-md-2\"><img decoding=\"async\" class=\"img-responsive\" src=\"wp-content\/themes\/awaken\/images\/federaciones\/sin-foto.jpg\" alt=\"\" \/><strong>Secretario General:<\/strong> C. Erik Dworak Ortega<br \/>\n<strong>Periodo:<\/strong>\u00a02019 &#8211;<br \/>\n<strong><strong>Direcci\u00f3n:\u00a0<\/strong><\/strong><strong><strong><br \/>\n<\/strong><\/strong><strong>Tel\u00e9fono: 66 22 31 53 00<\/strong><br \/>\n<strong><strong>E-Mail:\u00a0<\/strong><\/strong>dworak_ortega@hotmail.com<\/div>\n<\/div>\n<\/div>\n<\/div>\n<\/div>\n<\/div>\n<\/div>\n<\/div>\n<p><!-- federacion 18 --><\/p>\n<div class=\"row\">\n<div class=\"col-md-12\">\n<div id=\"accordion\" class=\"panel-group\">\n<div class=\"panel panel-default\">\n<div class=\"panel-heading\">\n<h4 class=\"panel-title\"><a class=\"accordion-toggle\" href=\"#collapse1One\" data-toggle=\"collapse\" data-parent=\"#accordion\"><br \/>\nFEDERACI\u00d3N MUNICIPAL DE FRONTERAS, C.T.M<br \/>\n<\/a><\/h4>\n<\/div>\n<div id=\"collapse1One\" class=\"accordion-body collapse in\">\n<div class=\"panel-body\">\n<div class=\"row\">\n<div class=\"col-md-2\"><img decoding=\"async\" class=\"img-responsive\" src=\"wp-content\/themes\/awaken\/images\/federaciones\/fed14.jpg\" alt=\"\" \/><strong>Secretario General:<\/strong> C. Florencio Zavala SanJuan<br \/>\n<strong>Periodo:<\/strong>\u00a0 2019 &#8211;<br \/>\n<strong>Direcci\u00f3n:<\/strong> Conocido, Esqueda, Fronteras, Son.<br \/>\n<strong><strong>Tel\u00e9fono:\u00a0<\/strong><\/strong>63 33 34 49 66<strong><strong><br \/>\n<\/strong><\/strong><strong><strong>E-Mail:\u00a0<\/strong><\/strong>fzavalasj@hotmail.com<\/div>\n<\/div>\n<\/div>\n<\/div>\n<\/div>\n<\/div>\n<\/div>\n<\/div>\n<p><!-- federacion 19 --><\/p>\n<div class=\"row\">\n<div class=\"col-md-12\">\n<div id=\"accordion\" class=\"panel-group\">\n<div class=\"panel panel-default\">\n<div class=\"panel-heading\">\n<h4 class=\"panel-title\"><a class=\"accordion-toggle\" href=\"#collapse1One\" data-toggle=\"collapse\" data-parent=\"#accordion\"><br \/>\nFEDERACI\u00d3N MUNICIPAL DE CANANEA, C.T.M<br \/>\n<\/a><\/h4>\n<\/div>\n<div id=\"collapse1One\" class=\"accordion-body collapse in\">\n<div class=\"panel-body\">\n<div class=\"row\">\n<div class=\"col-md-2\"><img decoding=\"async\" class=\"img-responsive\" src=\"wp-content\/themes\/awaken\/images\/federaciones\/sin-foto.jpg\" alt=\"\" \/><strong>Secretario General:<\/strong> C. Mart\u00edn D\u00edaz Borboa<br \/>\n<strong>Periodo:<\/strong> 2014 \u2013 2017<br \/>\n<strong>Direcci\u00f3n:<\/strong> Conocido, Cananea, Son.<br \/>\n<strong><strong>Tel\u00e9fono:\u00a0<\/strong><\/strong>64 51 07 16 83<strong><strong><br \/>\n<\/strong><\/strong><strong><strong>E-Mail:\u00a0<\/strong><\/strong>mgdb_73@hotmail.com<\/div>\n<\/div>\n<\/div>\n<\/div>\n<\/div>\n<\/div>\n<\/div>\n<\/div>\n<p><!-- federacion 20 --><\/p>\n<div class=\"row\">\n<div class=\"col-md-12\">\n<div id=\"accordion\" class=\"panel-group\">\n<div class=\"panel panel-default\">\n<div class=\"panel-heading\">\n<h4 class=\"panel-title\"><a class=\"accordion-toggle\" href=\"#collapse1One\" data-toggle=\"collapse\" data-parent=\"#accordion\"><br \/>\nFEDERACI\u00d3N MUNICIPAL DE SAN IGNACIO R\u00cdO MUERTO, C.T.M<br \/>\n<\/a><\/h4>\n<\/div>\n<div id=\"collapse1One\" class=\"accordion-body collapse in\">\n<div class=\"panel-body\">\n<div class=\"row\">\n<div class=\"col-md-2\"><img decoding=\"async\" class=\"img-responsive\" src=\"wp-content\/themes\/awaken\/images\/federaciones\/sin-foto.jpg\" alt=\"\" \/><strong>Secretario General:<\/strong> C. Gregorio Moya Razo<br \/>\n<strong>Periodo:<\/strong> 2016 \u2013 2019<br \/>\n<strong>Direcci\u00f3n:<\/strong> Conocido, SIRM, Son.<br \/>\n<strong><strong>Tel\u00e9fono:\u00a0<\/strong><\/strong>64 41 34 02 12<strong><strong><br \/>\n<\/strong><\/strong><strong>E-Mail:<\/strong><\/div>\n<\/div>\n<\/div>\n<\/div>\n<\/div>\n<\/div>\n<\/div>\n<\/div>\n","protected":false},"excerpt":{"rendered":"FEDERACI\u00d3N MUNICIPAL DE CAJEME, C.T.M Secretario General:\u00a0\u00a0Luis Alonso Acosta C\u00e1rdenas. Direcci\u00f3n: Calle Sonora No. 432 Sur Altos, Ciudad Obreg\u00f3n, Cajeme,Sonora. Tel\u00e9fono: 01\u00a064 44 \n<a class=\"moretag\" href=\"http:\/\/www.ctmsonora.org\/?page_id=180\"> [...]<\/a>","protected":false},"author":1,"featured_media":0,"parent":0,"menu_order":0,"comment_status":"closed","ping_status":"closed","template":"","meta":{"footnotes":""},"class_list":["post-180","page","type-page","status-publish","hentry"],"_links":{"self":[{"href":"http:\/\/www.ctmsonora.org\/index.php?rest_route=\/wp\/v2\/pages\/180","targetHints":{"allow":["GET"]}}],"collection":[{"href":"http:\/\/www.ctmsonora.org\/index.php?rest_route=\/wp\/v2\/pages"}],"about":[{"href":"http:\/\/www.ctmsonora.org\/index.php?rest_route=\/wp\/v2\/types\/page"}],"author":[{"embeddable":true,"href":"http:\/\/www.ctmsonora.org\/index.php?rest_route=\/wp\/v2\/users\/1"}],"replies":[{"embeddable":true,"href":"http:\/\/www.ctmsonora.org\/index.php?rest_route=%2Fwp%2Fv2%2Fcomments&post=180"}],"version-history":[{"count":68,"href":"http:\/\/www.ctmsonora.org\/index.php?rest_route=\/wp\/v2\/pages\/180\/revisions"}],"predecessor-version":[{"id":8409,"href":"http:\/\/www.ctmsonora.org\/index.php?rest_route=\/wp\/v2\/pages\/180\/revisions\/8409"}],"wp:attachment":[{"href":"http:\/\/www.ctmsonora.org\/index.php?rest_route=%2Fwp%2Fv2%2Fmedia&parent=180"}],"curies":[{"name":"wp","href":"https:\/\/api.w.org\/{rel}","templated":true}]}}